/(-7) + 12/(-42). Let s be (8/(-6))/((-2)/(-9)). Let j be 2/s + 273/t. Calculate the greatest common factor of 12 and j.
6
Let o be ((-1)/(2/(-7)))/((-8)/(-48)). Let s(m) = -2*m**3 - 3*m**2 + 6*m + 2. Let f be s(-5). What is the greatest common divisor of f and o?
21
Suppose 3*s - 5 - 4 = 0. Let m be -2 + 9/s + 1. Let c(k) = k**3 - 3*k**2 - 2*k + 6. Let t be c(4). Calculate the greatest common factor of t and m.
2
Suppose 0 = i - 1 - 2. Suppose 2*n - i*j - 32 = 0, -n - 2*j + 14 = -16. Calculate the greatest common factor of 2 and n.
2
Let j be 0/(1 - 2/(-2)). Let h = j - -78. Suppose -p - p = -h. Calculate the greatest common divisor of 26 and p.
13
Let m = -8 + 24. Suppose -b = -43 + m. Suppose -9 = 3*d - b. Calculate the highest common factor of d and 4.
2
Let f be 3/5 - (-72)/30. Suppose f*c = 2*c + 11. What is the highest common divisor of 121 and c?
11
Suppose 3*x - 64 = -2*l, -4*l = -2*x - 3 - 125. What is the highest common divisor of l and 80?
16
Let t(p) = 2*p - 7. Let o be t(6). Let j = 4 - o. Let h be 2/(-6)*j*21. Calculate the highest common factor of h and 42.
7
Let v(x) = x**3 + 11*x**2 - 3*x - 3. Let o be v(-11). What is the greatest common divisor of 15 and o?
15
Let l be 60/(-24)*(-196)/2. Calculate the greatest common divisor of l and 98.
49
Suppose -2*j + 11 = -9. Calculate the greatest common divisor of j and 40.
10
Suppose -5*c = b + 16, b + c - 24 = 4*c. What is the greatest common divisor of b and 81?
9
Let x(a) = -a**3 - 4*a**2 - 10*a - 10. Let y(d) = -d**2 + d + 1. Let g(v) = -x(v) - 3*y(v). Let t be g(-5). Calculate the greatest common factor of 11 and t.
11
Suppose -55 = 4*u - c, 0*c + 2 = -2*c. Suppose -9 = 3*j, 2*x + 6*j - 31 = j. Let w = x + u. What is the highest common factor of 36 and w?
9
Let o = 192 - 160. What is the highest common divisor of 128 and o?
32
Let s be (-2 - -1)*(-1 - 2). Suppose 0 = s*c - c - 6. Suppose -c*i = -33 + 9. What is the highest common divisor of 88 and i?
8
Let p be (-2)/2*(-20 - -1). Suppose 350 = 3*k - 130. Suppose -q + 2*x - 14 = -k, 3*q - 441 = 5*x. Calculate the highest common factor of p and q.
19
Let x(d) = -d - 2. Let j be x(-5). Calculate the highest common factor of 2 and j.
1
Suppose 5*p = -2*b + 19, 10 = 5*b + p - 3. Let i = 0 + b. Let r be (-4)/8 - (-217)/i. What is the greatest common factor of r and 12?
12
Let c be -1 + 0 - (-2 - 2). What is the greatest common factor of c and 3?
3
Let i = 46 - 27. Let z be (i - 1)*3/2. Let a be (z/3)/3 - -1. Calculate the highest common divisor of 12 and a.
4
Let r(u) = -9*u - 16. Let d(o) = -5*o - 8. Let g(w) = 7*d(w) - 4*r(w). Let l be g(-6). What is the highest common divisor of 12 and l?
2
Suppose 0 = y - 4*v - 1 + 6, 10 = 2*y + 2*v. Suppose -6*k + y*k = -48. Let q(l) = 5*l**3 + l**2. Let f be q(3). What is the greatest common divisor of f and k?
16
Let z = -7 + 11. Suppose -5*j - 5*m = -95, -z*m + 38 = 3*j - 17. Calculate the highest common factor of j and 84.
21
Suppose 81 = 4*x + 25. Let k be x + 0*(-2 + 1). Let f be (-626)/(-18) - (-4)/18. Calculate the greatest common factor of f and k.
7
Let s(k) = -k - 3. Let q be s(-18). Let u(x) = -x**2 - 4*x + 1 + 0 + 9*x. Let y be u(4). Calculate the highest common divisor of q and y.
5
Let d(w) = w**2 + 6. Let c be d(0). Suppose -c = -4*i + 6. Suppose -2*n = -i*n + 12. Calculate the greatest common divisor of 132 and n.
12
Suppose -20 = -5*u + 2*i, 2*i + 8 = -0*u - u. What is the highest common factor of u and 6?
2
Suppose -6 = -5*i + 3*b, -4*b - 5 = -i + 3. Suppose 9 = 5*o + 3*w, -w = -i*w + 2. Let y = 3 + o. What is the highest common factor of y and 4?
2
Suppose -25 = -3*p - 10. Let l = p - 2. Suppose -l*g + 28 = -g. Calculate the highest common factor of 112 and g.
14
Let h be (-3 - -4) + 16/1. Suppose 0 = 2*t - h - 1. Suppose -4*s + t = -s. Calculate the highest common factor of 3 and s.
3
Let t(c) be the second derivative of -c**3/6 - 2*c**2 + c. Let q be t(-4). Let s be (-10)/(-1) + 0 + q. What is the greatest common divisor of s and 10?
10
Suppose 0 = -4*h - 3*s - 14, h + 2*s = 5*s + 4. Let y be 11 + h + -2 + -3. What is the greatest common factor of y and 20?
4
Let n(b) = 12*b. Let t be n(-6). Let s be -1 - (-5)/((-15)/t). What is the greatest common factor of 69 and s?
23
Let v be -506*3/(-10) + 4/20. Let w = 5 + 22. Let u = -8 + w. Calculate the highest common divisor of u and v.
19
Let k be 10/(-45) + 40/18. Suppose 10*w - 69 = 5*w - k*f, -3*w + 57 = -4*f. Calculate the greatest common factor of w and 45.
15
Let t = 51 - 25. Let d = -230 + 269. What is the highest common factor of d and t?
13
Suppose -1003 = -2*c - 3*o, 4*c + 3*o + 555 = 2570. Calculate the greatest common divisor of 46 and c.
46
Suppose x = 6*x - 20. What is the highest common divisor of 2 and x?
2
Let a(d) = d**2 - 25*d - 68. Let i be a(28). Calculate the greatest common factor of 176 and i.
16
Suppose -3*c - 2 = 3*m + 1, -11 = -5*c - m. Suppose 0 = 22*g - 4 - 18. Calculate the greatest common factor of c and g.
1
Let f = 7 + -3. Let j be 6*(1 - f/(-3)). Suppose u - 2 = -0*u, 0 = -2*z + 5*u + j. What is the highest common divisor of z and 30?
6
Let i(n) = n**3 + 5*n**2 + 4*n - 1. Suppose 2*c + l = -12, 2*c = 6*l - 2*l + 8. Let g be i(c). Let f = g + 2. Calculate the greatest common factor of 3 and f.
1
Let n(a) = 111*a**3 - 2*a**2 + 2*a - 1. Suppose f = -7 + 8. Let b be n(f). Let c = b - 6. What is the greatest common divisor of 13 and c?
13
Let a(m) = 73*m**2 - m. Let h be a(-1). Suppose 0*b + h = 2*b. Let x = 59 - b. Calculate the greatest common factor of 22 and x.
22
Let z = -39 + 61. Calculate the highest common factor of 22 and z.
22
Suppose 3 = 3*m - 0. What is the greatest common factor of m and 1?
1
Let q(t) = 2*t + 11. Let c be q(3). What is the greatest common factor of 17 and c?
17
Let k be 80 - ((-32)/144 - 4/(-18)). What is the greatest common factor of 10 and k?
10
Suppose -6*l - 5*n + 25 = -l, -3 = l - 3*n. Let h be (l/(-4))/(3/24). Let b be (-105)/(-9) - 2/h. Calculate the greatest common divisor of 108 and b.
12
Suppose 194 = 7*r + 54. What is the greatest common divisor of 220 and r?
20
Suppose -4*r = r - 215. Let h = r + -11. Suppose 2*t - 7*t + 40 = 0. What is the highest common factor of h and t?
8
Let u(p) = 0*p**2 + 1 + 0*p**2 - 6*p - p**2. Let a be u(-5). Let z = 7 + -3. What is the greatest common divisor of a and z?
2
Suppose 4*c + 3 = -2*r + 9, -4*c = -5*r - 27. Calculate the highest common factor of c and 6.
3
Suppose 0 = -2*u + 5*u - 33. Suppose 0 = -4*y + 46 - 2. What is the greatest common factor of u and y?
11
Suppose 3*k = 5*r, 2*k + r - 23 = -10. Let z be (-2)/k + 12/30. Suppose 3*s + z*s = 540. Calculate the greatest common divisor of s and 18.
18
Let o = -4 - -20. Let m be 66/8 - 2/8. Let f = o - m. Calculate the highest common factor of f and 4.
4
Let o(l) = 6*l. Let u be o(-1). Let d be (-2)/(-3) - 140/u. What is the highest common factor of d and 12?
12
Let y = -8 - -20. Suppose y = 3*n - 33. Let c be -9*5/(15/(-2)). Calculate the highest common divisor of c and n.
3
Suppose -4*t - 2*k + 34 = 0, 0*t - 4*t + 14 = -2*k. Suppose -t*f - 15 = -11*f. What is the greatest common factor of f and 3?
3
Suppose -p - 6 = -4*l + 8, p + 5 = l. Suppose -10 = -2*g + x, -x - 10 = -g - 3*x. Suppose -l*h = -g*h + 42. Calculate the greatest common factor of h and 7.
7
Let p = -4 + 7. Suppose -2*t + 8 = -p*t. Let l = 4 - t. What is the greatest common divisor of 30 and l?
6
Suppose 5*w - 11 = -3*s, -w - 2 = 2*s - 0. Let r(y) = -y + 12. Let z be r(0). What is the greatest common factor of z and w?
4
Let k be (-210)/(-9) - (-16)/24. Calculate the highest common divisor of k and 48.
24
Let p(f) = -77*f - 2. Let z be p(-2). What is the highest common divisor of 19 and z?
19
Let t = -26 - -44. What is the highest common factor of t and 27?
9
Suppose s = -4*q + 10, -4*q + 2*q + 12 = -3*s. Calculate the greatest common divisor of 9 and q.
3
Let r be -4 + 1 + 18/1. Calculate the greatest common factor of 135 and r.
15
Let j be -1 + -2*(-2 - -3). Let p be j - (-2 + 1) - -2. Suppose -4*m = -p*m - 48. Calculate the greatest common factor of 48 and m.
12
Let f(u) = -u**2 - 12*u - 17. Let n be f(-9). Calculate the highest common divisor of n and 6.
2
Let s = -7 - -12. Suppose 12 = -s*v + 2*g + 